False
Is ((-4386036)/12)/((-3)/3 + 0/9) a composite number?
True
Suppose 87*t - 4242390 = 57*t. Is t prime?
True
Suppose -3*l - 16858 = -u + 42639, -59497 = -u - 2*l. Is u prime?
True
Is (7 + (-494288)/40)*-5 composite?
False
Let n = 347 + -368. Let x(u) = -u**3 + 4*u**2 - 31*u + 47. Is x(n) a composite number?
True
Let z = 111516 - 74251. Let i be z/(-15) - (-2)/6. Is (-1)/(i/620 + 4) prime?
False
Let h = 77495 - 35433. Let t = -22219 + h. Is t a prime number?
True
Suppose 15*p - 14*p = 4, 2*u + 4*p - 135002 = 0. Is u prime?
True
Suppose 184*p - 14912518 = 10650786. Is p composite?
True
Suppose -2*a + 738054 = 5*q, 0 = -53*a + 54*a - q - 369041. Is a a prime number?
False
Is 1153/((2/1506)/(2*(-13)/(-78))) a composite number?
True
Let s = 302 - 300. Suppose s*a - 449 = 2273. Is a composite?
False
Suppose 0 = -4*m + 54 - 34. Suppose -m*p + 3*r = -38008, 15207 = -15*p + 17*p - 5*r. Is p composite?
True
Suppose -4*v - v + 4*t - 28795 = 0, -5770 = v - 3*t. Let y = 2944 - 5592. Let r = y - v. Is r prime?
False
Let f = 658838 + -152647. Is f a composite number?
True
Suppose c - 16623 = 196852. Suppose 23*f = -c + 852668. Is f a prime number?
True
Let g = 7384 - -104823. Is g prime?
True
Suppose 337316 = 4*h + 2*i, -2*h + 165396 + 3274 = 4*i. Suppose 10*q - 13*q - 21098 = -v, 4*v + q = h. Is v a prime number?
False
Suppose -3*y = 5*j - 99299, y - 18098 = 2*j + 15009. Is y a composite number?
True
Suppose -18 = -z - 5*t, -2*z + 3*t + 6 = 3*z. Suppose 3*b - 252 = -z*l, -9*b = -12*b + 3*l + 222. Is b a prime number?
True
Suppose 7*r = -0*r + 686. Is (-24880)/(-14) - 14/r composite?
False
Suppose -11 = -3*x + i, -x + 5*i + 27 = -0*x. Suppose t - x = 1. Is (t - 0) + 268 + 16 composite?
True
Let i(v) be the first derivative of -3*v**4/4 + 4*v**3/3 + 2*v + 52. Is i(-9) prime?
False
Let c(i) = i**2 - 49*i - 95. Let p be c(51). Suppose -5*g + 285125 = 5*m, 285129 = -2*m + p*m + 4*g. Is m composite?
True
Let h(f) = 22*f**2 + 60*f - 245. Is h(-44) prime?
False
Suppose 4*m - 347685 = 218071. Is m prime?
True
Let i(m) be the third derivative of -203*m**4/8 - 25*m**3/3 - 6*m**2. Is i(-13) prime?
True
Let s(c) = 387*c**2 - 27*c - 71. Let j(f) = -388*f**2 + 29*f + 72. Let w(p) = 6*j(p) + 7*s(p). Is w(-3) a composite number?
True
Let w(o) = -160250*o - 143. Is w(-8) a prime number?
False
Let v be 14/35 + (-466)/(-10). Let z = -44 + v. Suppose k + 582 = z*k. Is k composite?
True
Suppose -442845 + 284935 = -15*y + 424825. Is y a composite number?
True
Let h = 334919 + -134236. Is h composite?
True
Suppose -10 = -9*s + 7*s. Suppose -3*d + s*d - 18 = -5*w, 3*d - 12 = 0. Let y(p) = 973*p - 3. Is y(w) a prime number?
False
Let w be 20/(-12) + 1 + (-17)/(-3). Suppose -q + y + 14863 = 3*y, -5*q = w*y - 74325. Is q composite?
False
Suppose -5*d + q + 5 + 4 = 0, 3*d = -4*q + 10. Is (-3)/((-12)/63772) + (6 - d) a prime number?
False
Let c(u) = 1134*u - 3779. Is c(86) a prime number?
False
Let m = -65864 + 129118. Is m a composite number?
True
Suppose -10*x + 140 = -13320. Suppose -2*o + 2024 = 3*w, 2*w - 4*w + 2*o + x = 0. Is w a composite number?
True
Suppose 2*g + 11328 + 20038 = 0. Let f = 41824 + g. Is f a composite number?
False
Suppose -162 = 2*q - n + 3, 3*q + 5*n = -267. Let f = q + 407. Suppose f = 3*i + 2*s + 5, 4*s + 318 = 3*i. Is i a composite number?
True
Let f = 1268507 + 489604. Is f a composite number?
True
Let m = 1745 - 1765. Let l(j) = 16*j - 23. Let z(n) = -1. Let i(r) = -l(r) - 4*z(r). Is i(m) composite?
False
Let o(p) = -25*p - 33. Let d be o(-8). Suppose -264 = 3*y + 2*c, -y - c - 89 = -0*y. Let z = d - y. Is z a composite number?
True
Let g = -95 - -96. Let h be -2063*(-6)/6*g. Suppose -2*q + f + 3827 = 0, 2*f - h = -2*q + 1773. Is q composite?
True
Let o(d) = -d**2 + 5*d - 2. Let r be o(4). Suppose -3*n + 3*s + 3 = 6*s, 0 = r*s - 8. Is ((-317)/n)/((7 + -1)/18) a prime number?
True
Let p be 50/(-105)*-3 + (-6)/14. Let k(c) = -4 - 62*c - 14*c + p. Is k(-2) a prime number?
True
Let f = -4442 + 2076. Let y = f - -3481. Is y a prime number?
False
Let c(u) = -u + 16. Let b be c(13). Let s be (-482 + 0)*12/b. Let a = s + 3511. Is a a composite number?
False
Suppose -4*u - 5*r + 183482 = 0, -2*u + 80088 = 3*r - 11656. Is u a prime number?
True
Let j(l) = 4*l**2 - 3*l + 32. Let n be j(-20). Let q = n - 815. Is q prime?
True
Suppose 0 = 58*j - 66*j + 16. Suppose -3*y + 47449 = j*u + 2*y, -u + 4*y = -23705. Is u composite?
True
Suppose -3*s = 2*a - 3753, -a = 10*s - 7*s - 1884. Let b = a + -748. Is b prime?
False
Let h = -242799 + 352130. Is h a composite number?
False
Let a = 437 + -433. Suppose a*m - 25268 = 2*k, 3*m + 2*k + 0*k - 18965 = 0. Is m prime?
False
Let j(w) = w**2 - 7*w + 8. Let y(c) = -c**3 - 10*c**2 - 11*c - 12. Let g be y(-9). Let v be j(g). Suppose 620 = 4*k - v*z - 2*z, -165 = -k - 4*z. Is k prime?
True
Let y(m) = -8415*m + 30. Let c be y(-1). Suppose 2*r + 14 = 3*o, 13 = -4*o + 6*o - 5*r. Suppose -o*n = -n - c. Is n a composite number?
True
Let a(f) = -71*f + 70. Suppose -3*l = 395 - 941. Suppose -21*i + 7*i = l. Is a(i) prime?
False
Let k = 54 + -50. Suppose 2*v + k*s - 24 = 8, 3*v + 5*s - 46 = 0. Suppose 0 = -5*y + v*y - 3633. Is y a composite number?
True
Suppose 4*w - 6626 = -33462. Let r = w + 41942. Is r prime?
False
Let r be 216/(-10) + (-38)/95. Let l(n) = -152*n - 60. Let b be l(r). Suppose 22*p - b = 20*p. Is p a prime number?
False
Let p(f) = 371*f**3 + 39*f**2 - 296*f + 11. Is p(9) a prime number?
False
Suppose -51 = -10*f + 7*f. Let j = 811 - f. Is j a prime number?
False
Suppose -b + 2*b = -11*b. Suppose 0*g = -4*g - 3*t + 27591, -5*g + 2*t + 34506 = b. Suppose -7*c = -g - 6379. Is c prime?
False
Suppose 20 = 3*k + 2*f, -k + 3*k + f = 14. Let n = 31 - k. Suppose n*s - 21*s - 6326 = 0. Is s prime?
True
Suppose -14902 = 3*a + y - 3436, 12 = -4*y. Let s = -2148 - a. Is s a composite number?
True
Let o = -85 - -84. Let m be ((-2)/o)/2 + -2554. Let f = m - -4400. Is f a prime number?
True
Suppose 4*s - 3*z + 10 + 90 = 0, -50 = 3*s + 4*z. Let p(h) = -2*h**3 - 23*h**2 + 61*h + 49. Is p(s) composite?
True
Let a(n) = 412*n - 1369. Let g be a(7). Let l(q) = -q**3 - 20*q**2 - 11*q. Let j be l(-8). Let z = j + g. Is z composite?
True
Let i(h) = -62*h**3 + 17*h**2 + 8*h + 24. Is i(-13) a prime number?
False
Let u(i) = -11*i**2 - 2*i**3 + 2*i**2 + 1 - 8*i - 5*i**2. Suppose 5*z - 3*n = -54, 26 = -21*z + 18*z + 5*n. Is u(z) composite?
True
Let l(w) = -41895*w + 2519. Is l(-42) composite?
True
Suppose 60 = -12*g + 18*g. Suppose z + 5*a = 34144, -4*a - 136552 = g*z - 14*z. Is z a prime number?
False
Let p = -24900 + 45479. Suppose -15*j + 2*j + p = 0. Is j prime?
True
Is -100 + 99 + (19328265/27 - 1/(-3)) composite?
True
Let u(b) = -b**3 - 4*b**2 - 30*b - 120. Let z be u(-6). Suppose -5*r - 7508 = -2*w, -z*r + 14990 = 4*w - 129*r. Is w prime?
False
Let p be (4/6*1)/(4/36). Suppose -30 = -p*x - 4*x. Suppose 9*i + 5410 = 2*n + 4*i, 0 = 2*n + x*i - 5410. Is n a prime number?
False
Suppose 280664 - 165526 = 10*z - 360472. Is z prime?
False
Let s(m) = -m + 1. Let b(j) = 3*j + 686. Let o(c) = -b(c) - 5*s(c). Let a(g) = -g + 691. Let v(d) = -4*a(d) - 5*o(d). Is v(0) a composite number?
False
Let n = -279 - -448. Suppose 0 = -170*s + n*s + 235. Is s a composite number?
True
Let k(b) = 1919*b**2 + 49*b - 395. Is k(17) a prime number?
True
Suppose 0 = 2*g - 27*g + 500. Suppose -g*x = -21988 - 30672. Is x a composite number?
False
Suppose 3*u + 5*a - 7326 = 2*a, 4*u = 2*a + 9738. Suppose -60*h + 61*h = 1925. Suppose 6*x - h - u = 0. Is x a composite number?
False
Suppose t = 5*b - 2*t - 648020, 12*b = -2*t + 1555294. Is b prime?
True
Let r = -18098 - -28329. Is r a prime number?
False
Let x = -70 + 72. Let j(i) = -i - 3. Let h be j(x). Let z(u) = -176*u - 3. Is z(h) prime?
True
Let m(s) = -s**2 - 15*s + 19. Let a be m(-8). Let h be (1 - a)/(160/(-25) + 6). Suppose 57 = 2*t - h. Is t a prime number?
False
Suppose -3417 = -26*f + 25*f. Suppose -2*m - 8767 + f = -b, 5 = -m. Suppose 0*s - 2*i = -2*s + b, 0 = -5*i + 5. Is s a prime number?
True
Let t be -18 + 26 + -8 + 0. Suppose -4*v - 27213 = -6*v + 5*z, 4*v + 5*z - 54501 = t. Is v prime?
True
Let b(a) = -15*a**2 + 14*a**2 - 30 + 5*a + 25. Let i be b(5). Let t(f) = -143*f - 2. Is t(i) composite?
True
Let w(